base 9) to base 7.
166
2 (base 14) to base 13
2
Convert -3 (base 15) to base 12.
-3
Convert -1 (base 10) to base 9.
-1
What is -12 (base 12) in base 2?
-1110
What is -1 (base 13) in base 8?
-1
What is 2 (base 16) in base 15?
2
1 (base 3) to base 6
1
What is 35 (base 11) in base 3?
1102
Convert -29 (base 12) to base 9.
-36
What is -db (base 15) in base 14?
-10a
-13 (base 13) to base 9
-17
Convert 1b (base 16) to base 14.
1d
Convert -1 (base 15) to base 2.
-1
Convert 7 (base 9) to base 7.
10
What is 1 (base 9) in base 4?
1
Convert 10 (base 4) to base 14.
4
Convert 24 (base 6) to base 11.
15
What is 56 (base 10) in base 16?
38
What is -11 (base 4) in base 9?
-5
What is -6 (base 10) in base 5?
-11
Convert 6 (base 8) to base 11.
6
b (base 12) to base 16
b
Convert 6 (base 15) to base 13.
6
What is 2 (base 8) in base 13?
2
Convert -29 (base 11) to base 12.
-27
-221 (base 3) to base 16
-19
Convert 40 (base 12) to base 14.
36
What is -15 (base 11) in base 6?
-24
Convert -3 (base 10) to base 12.
-3
Convert 41 (base 5) to base 6.
33
-a6 (base 11) to base 15
-7b
What is -2 (base 12) in base 8?
-2
Convert 1 (base 13) to base 16.
1
234 (base 7) to base 3
11120
What is -33 (base 4) in base 8?
-17
Convert -64 (base 9) to base 10.
-58
-21 (base 8) to base 11
-16
Convert 0 (base 9) to base 12.
0
-24 (base 11) to base 3
-222
What is 22 (base 5) in base 6?
20
Convert 5 (base 15) to base 6.
5
-120 (base 5) to base 16
-23
What is 8 (base 10) in base 13?
8
-1102 (base 5) to base 9
-178
71 (base 9) to base 3
2101
What is 31 (base 10) in base 11?
29
-133 (base 4) to base 3
-1011
-68 (base 12) to base 6
-212
What is -114 (base 9) in base 8?
-136
Convert -136 (base 8) to base 10.
-94
What is -232 (base 7) in base 15?
-81
What is 0 (base 7) in base 16?
0
25 (base 13) to base 15
21
10 (base 3) to base 6
3
What is 13 (base 4) in base 5?
12
Convert -3 (base 4) to base 12.
-3
What is 150 (base 6) in base 15?
46
Convert 11 (base 16) to base 10.
17
10 (base 2) to base 5
2
Convert -112 (base 3) to base 2.
-1110
43 (base 10) to base 16
2b
Convert -6b (base 12) to base 16.
-53
11 (base 7) to base 12
8
What is -201 (base 6) in base 16?
-49
What is 10 (base 6) in base 7?
6
What is 20 (base 3) in base 13?
6
What is -223 (base 11) in base 2?
-100001011
-bd (base 14) to base 5
-1132
Convert 7 (base 13) to base 12.
7
0 (base 10) to base 3
0
Convert 13 (base 14) to base 2.
10001
1 (base 2) to base 11
1
Convert 11101 (base 2) to base 11.
27
Convert 9 (base 16) to base 13.
9
138 (base 11) to base 5
1122
What is 6 (base 8) in base 6?
10
What is 15 (base 14) in base 6?
31
Convert -1 (base 3) to base 8.
-1
What is -2 (base 5) in base 8?
-2
What is -18 (base 10) in base 4?
-102
-5 (base 14) to base 9
-5
What is 75 (base 14) in base 6?
251
151 (base 8) to base 13
81
43 (base 9) to base 4
213
Convert -28 (base 11) to base 5.
-110
What is -1 (base 9) in base 14?
-1
Convert 5 (base 12) to base 4.
11
59 (base 12) to base 8
105
What is 10 (base 14) in base 5?
24
-340 (base 5) to base 3
-10112
70 (base 11) to base 9
85
100201 (base 3) to base 8
406
What is 12 (base 10) in base 12?
10
-21 (base 12) to base 5
-100
What is e (base 15) in base 6?
22
Convert -1 (base 11) to base 12.
-1
-5 (base 12) to base 7
-5
-13 (base 6) to base 16
-9
Convert 14 (base 8) to base 16.
c
b0 (base 14) to base 3
12201
Convert 10 (base 11) to base 13.
b
Convert -73 (base 10) to base 15.
-4d
Convert 6c (base 13) to base 14.
66
What is -2 (base 6) in base 5?
-2
52 (base 11) to base 12
49
What is 10 (base 14) in base 15?
e
110 (base 5) to base 14
22
2 (base 7) to base 13
2
-112 (base 5) to base 9
-35
Convert -1101010 (base 2) to base 13.
-82
Convert 11 (base 6) to base 5.
12
-2 (base 13) to base 6
-2
8 (base 16) to base 3
22
-12 (base 3) to base 12
-5
What is -122 (base 11) in base 2?
-10010001
Convert 87 (base 9) to base 11.
72
4a (base 11) to base 4
312
-10011111 (base 2) to base 4
-2133
What is 101 (base 12) in base 5?
1040
Convert -2 (base 13) to base 2.
-10
What is -9f (base 16) in base 7?
-315
What is 43 (base 5) in base 14?
19
-44 (base 6) to base 12
-24
-102 (base 3) to base 13
-b
What is 231 (base 6) in base 15?
61
What is 1011010 (base 2) in base 7?
156
Convert -12 (base 14) to base 12.
-14
1d (base 15) to base 3
1001
What is 4 (base 8) in base 3?
11
1 (base 2) to base 8
1
220 (base 3) to base 13
1b
Convert 145 (base 9) to base 14.
8a
What is -47 (base 9) in base 13?
-34
What is -2303 (base 4) in base 15?
-be
What is 3 (base 15) in base 12?
3
What is 221 (base 3) in base 14?
1b
What is 14c (base 13) in base 8?
351
What is 21 (base 10) in base 14?
17
Convert -1310 (base 4) to base 5.
-431
Convert 9 (base 13) to base 3.
100
Convert 24 (base 11) to base 3.
222
What is -1a (base 14) in base 13?
-1b
What is 22 (base 5) in base 13?
c
15 (base 15) to base 13
17
What is 1 (base 5) in base 16?
1
What is 5 (base 9) in base 10?
5
3 (base 13) to base 8
3
Convert -9 (base 13) to base 3.
-100
What is 11122 (base 3) in base 6?
325
-a (base 13) to base 12
-a
What is 41 (base 5) in base 4?
111
Convert -1 (base 4) to base 14.
-1
What is 2 (base 9) in base 13?
2
What is 3 (base 11) in base 10?
3
What is -c (base 14) in base 3?
-110
What is 13 (base 12) in base 3?
120
What is -110 (base 2) in base 14?
-6
Convert -1000 (base 2) to base 6.
-12
Convert -26 (base 10) to base 3.
-222
Convert 5b (base 12) to base 2.
1000111
Convert 5 (base 13) to base 12.
5
Convert 1a (base 16) to base 8.
32
What is -1a (base 16) in base 10?
-26
Convert 71 (base 10) to base 16.
47
Convert -b0 (base 12) to base 16.
-84
What is 8 (base 9) in base 15?
8
What is 43 (base 7) in base 9?
34
-10 (base 16) to base 15
-11
-13 (base 4) to base 14
-7
What is -1 (base 9) in base 2?
-1
What is -18 (base 16) in base 9?
-26
1010101 (base 2) to base 11
78
Convert -3 (base 8) to base 15.
-3
0 (base 2) to base 13
0
Convert -35 (base 7) to base 6.
-42
2 (base 11) to base 7
2
Convert -4 (base 8) to base 4.
-10
153 (base 7) to base 10
87
What is 5 (base 14) in base 8?
5
21 (base 12) to base 13
1c
Convert 42 (base 9) to base 7.
53
What is -14 (base 9) in base 16?
-d
Convert 4 (base 13) to base 12.
4
What is -4 (base 14) in base 16?
-4
Convert 16 (base 12) to base 5.
33
4 (base 10) to base 8
4
Convert -1 (base 11) to base 12.
-1
1232 (base 6) to base 8
464
Convert -10 (base 2) to base 9.
-2
Convert -17 (base 15) to base 9.
-24
What is -d8 (base 16) in base 7?
-426
What is 11 (base 2) in base 8?
3
What is -d (base 16) in base 15?
-d
-36 (base 9) to base 12
-29
Convert 24 (base 12) to base 16.
1c
What is 42 (base 8) in base 14?
26
What is -3 (base 15) in base 2?
-11
What is 83 (base 16) in base 4?
2003
What is 4 (base 11) in base 13?
4
What is -5 (base 9) in base 5?
-10
What is 5 (base 15) in base 10?
5
-12 (base 3) to base 10
-5
Convert -1 (base 7) to base 6.
-1
What is 69 (base 10) in base 13?
54
Convert -1 (base 8) to base 6.
-1
113 (base 4) to base 12
1b
15 (base 6) to base 16
b
Convert 1 (base 14) to base 15.
1
What is 13 (base 9) in base 8?
14
Convert 20 (base 4) to base 9.
8
What is -be (base 15) in base 2?
-10110011
What is -e5 (base 16) in base 11?
-199
20 (base 15) to base 9
33
What is 7 (base 15) in base 11?
7
What is 6 (base 8) in base 6?
10
Convert -4 (base 5) to base 12.
-4
Convert 302 (base 4) to base 10.
50
Convert -10 (base 12) to base 15.
-c
Convert -3 (base 8) to base 12.
-3
What is 3 (base 8) in base 13?
3
Convert 161 (base 14) to base 12.
1b5
Convert 3 (base 8) to base 3.
10
Convert -28 (base 13) to base 15.
-24
What is 161 (base 8) in base 13?
89
Convert -100 (base 2) to base 15.
-4
-1 (base 11) to base 8
-1
Convert 1 (base 3) to base 13.
1
What is 8 (base 10) in base 16?
8
What is 19 (base 11) in base 9?
22
-3 (base 16) to base 10
-3
What is -5 (base 7) in base 11?
-5
Convert -1010 (base 4) to base 13.
-53
What is 1131 (base 5) in base 16?
a6
-2 (base 13) to base 2
-10
Convert -50 (base 6) to base 12.
-26
Convert 133 (base 9) to base 6.
303
What is 266 (base 8) in base 4?
2312
-12 (base 7) to base 8
-11
Convert 3 (base 15) to base 3.
10
What is 1 (base 2) in base 13?
1
Convert 27 (base 9) to base 12.
21
Convert -1 (base 13) to base 5.
-1
Convert -106 (base 10) to base 9.
-127
What is -22 (base 15) in base 5?
-112
What is 268 (base 11) in base 14?
188
-3 (ba